{"id":82,"date":"2022-02-23T20:41:52","date_gmt":"2022-02-23T20:41:52","guid":{"rendered":"https:\/\/vga-basket.com\/\/?page_id=82"},"modified":"2025-09-03T12:43:46","modified_gmt":"2025-09-03T12:43:46","slug":"inscription","status":"publish","type":"page","link":"https:\/\/vga-basket.com\/?page_id=82","title":{"rendered":"Inscription"},"content":{"rendered":"\t\t<div data-elementor-type=\"wp-page\" data-elementor-id=\"82\" class=\"elementor elementor-82\">\n\t\t\t\t\t\t<section class=\"has_eae_slider elementor-section elementor-top-section elementor-element elementor-element-b107021 elementor-section-full_width elementor-section-height-min-height elementor-section-content-middle elementor-section-height-default elementor-section-items-middle\" data-id=\"b107021\" data-element_type=\"section\" data-settings=\"{&quot;background_background&quot;:&quot;classic&quot;}\">\n\t\t\t\t\t\t\t<div class=\"elementor-background-overlay\"><\/div>\n\t\t\t\t\t\t\t<div class=\"elementor-container elementor-column-gap-default\">\n\t\t\t\t\t<div class=\"has_eae_slider elementor-column elementor-col-100 elementor-top-column elementor-element elementor-element-fc98f90\" data-id=\"fc98f90\" data-element_type=\"column\" data-settings=\"{&quot;background_background&quot;:&quot;classic&quot;}\">\n\t\t\t<div class=\"elementor-widget-wrap elementor-element-populated\">\n\t\t\t\t\t\t<div class=\"elementor-element elementor-element-e2583b5 elementor-widget elementor-widget-heading\" data-id=\"e2583b5\" data-element_type=\"widget\" data-widget_type=\"heading.default\">\n\t\t\t\t<div class=\"elementor-widget-container\">\n\t\t\t\t\t<h1 class=\"elementor-heading-title elementor-size-default\">LES <span style=\"color:#F6B932\">INSCRIPTIONS<\/span><\/h1>\t\t\t\t<\/div>\n\t\t\t\t<\/div>\n\t\t\t\t\t<\/div>\n\t\t<\/div>\n\t\t\t\t\t<\/div>\n\t\t<\/section>\n\t\t\t\t<section class=\"has_eae_slider elementor-section elementor-top-section elementor-element elementor-element-1acff6e elementor-section-boxed elementor-section-height-default elementor-section-height-default\" data-id=\"1acff6e\" data-element_type=\"section\">\n\t\t\t\t\t\t<div class=\"elementor-container elementor-column-gap-default\">\n\t\t\t\t\t<div class=\"has_eae_slider elementor-column elementor-col-100 elementor-top-column elementor-element elementor-element-b6a1287\" data-id=\"b6a1287\" data-element_type=\"column\">\n\t\t\t<div class=\"elementor-widget-wrap elementor-element-populated\">\n\t\t\t\t\t\t<div class=\"elementor-element elementor-element-dbd19fe elementor-widget elementor-widget-text-editor\" data-id=\"dbd19fe\" data-element_type=\"widget\" data-widget_type=\"text-editor.default\">\n\t\t\t\t<div class=\"elementor-widget-container\">\n\t\t\t\t\t\t\t\t\t<p><span style=\"text-decoration: underline;\"><em>INSCRIPTIONS 2025 \/ 2026&nbsp;<br><\/em><\/span><strong><em> Les cat\u00e9gories masculines en comp\u00e9tition U11 , U13, U15 et U18 ne sont plus ouvertes aux inscriptions.<\/em><\/strong><span style=\"text-decoration: underline;\"><em><br><\/em><\/span>Les inscriptions en loisirs restent ouvertes dans ces cat\u00e9gories (listes d&rsquo;attente en U13 et U15)<\/p>\t\t\t\t\t\t\t\t<\/div>\n\t\t\t\t<\/div>\n\t\t\t\t<div class=\"elementor-element elementor-element-a095535 elementor-align-center elementor-widget elementor-widget-button\" data-id=\"a095535\" data-element_type=\"widget\" data-widget_type=\"button.default\">\n\t\t\t\t<div class=\"elementor-widget-container\">\n\t\t\t\t\t\t\t\t\t<div class=\"elementor-button-wrapper\">\n\t\t\t\t\t<a class=\"elementor-button elementor-button-link elementor-size-lg\" href=\"https:\/\/vga-basket.com\/wp-content\/uploads\/2025\/09\/Planning-entrainements-VGA-Basket-2025-2026-v11.pdf\">\n\t\t\t\t\t\t<span class=\"elementor-button-content-wrapper\">\n\t\t\t\t\t\t\t\t\t<span class=\"elementor-button-text\">Planning des entra\u00eenements 2025\/2026 (version du 3 septembre)<\/span>\n\t\t\t\t\t<\/span>\n\t\t\t\t\t<\/a>\n\t\t\t\t<\/div>\n\t\t\t\t\t\t\t\t<\/div>\n\t\t\t\t<\/div>\n\t\t\t\t\t<\/div>\n\t\t<\/div>\n\t\t\t\t\t<\/div>\n\t\t<\/section>\n\t\t\t\t<section class=\"has_eae_slider elementor-section elementor-top-section elementor-element elementor-element-f86187e elementor-section-boxed elementor-section-height-default elementor-section-height-default\" data-id=\"f86187e\" data-element_type=\"section\">\n\t\t\t\t\t\t<div class=\"elementor-container elementor-column-gap-default\">\n\t\t\t\t\t<div class=\"has_eae_slider elementor-column elementor-col-100 elementor-top-column elementor-element elementor-element-6fe2536\" data-id=\"6fe2536\" data-element_type=\"column\">\n\t\t\t<div class=\"elementor-widget-wrap elementor-element-populated\">\n\t\t\t\t\t\t<div class=\"elementor-element elementor-element-788229f elementor-widget elementor-widget-text-editor\" data-id=\"788229f\" data-element_type=\"widget\" data-widget_type=\"text-editor.default\">\n\t\t\t\t<div class=\"elementor-widget-container\">\n\t\t\t\t\t\t\t\t\t<p><strong>HORAIRES&nbsp; DES&nbsp; PERMANENCES<br>&nbsp;<\/strong>Uniquement pour celles et ceux qui ne r\u00e8gleront pas la cotisation par carte bleue, nous organiserons des permanences \u00e0 la <strong>salle Pat\u00e9<\/strong>&nbsp; :<br>&nbsp; &nbsp; &#8211; les <strong>mercredis<\/strong> 3, 10, 17 et 24 <strong>septembre<\/strong> de 16h \u00e0 20h<br>&nbsp; &nbsp; &#8211; les <strong>samedis<\/strong> 6, 13, 20 et 27 <strong>septembre<\/strong> de 10h \u00e0 12h<\/p>\t\t\t\t\t\t\t\t<\/div>\n\t\t\t\t<\/div>\n\t\t\t\t\t<\/div>\n\t\t<\/div>\n\t\t\t\t\t<\/div>\n\t\t<\/section>\n\t\t\t\t<section class=\"has_eae_slider elementor-section elementor-top-section elementor-element elementor-element-842b03a elementor-section-boxed elementor-section-height-default elementor-section-height-default\" data-id=\"842b03a\" data-element_type=\"section\">\n\t\t\t\t\t\t<div class=\"elementor-container elementor-column-gap-no\">\n\t\t\t\t\t<div class=\"has_eae_slider elementor-column elementor-col-100 elementor-top-column elementor-element elementor-element-d8831be\" data-id=\"d8831be\" data-element_type=\"column\">\n\t\t\t<div class=\"elementor-widget-wrap elementor-element-populated\">\n\t\t\t\t\t\t<section class=\"has_eae_slider elementor-section elementor-inner-section elementor-element elementor-element-2ca7bcd elementor-section-boxed elementor-section-height-default elementor-section-height-default\" data-id=\"2ca7bcd\" data-element_type=\"section\">\n\t\t\t\t\t\t<div class=\"elementor-container elementor-column-gap-no\">\n\t\t\t\t\t<div class=\"has_eae_slider elementor-column elementor-col-100 elementor-inner-column elementor-element elementor-element-c6a9ad2\" data-id=\"c6a9ad2\" data-element_type=\"column\">\n\t\t\t<div class=\"elementor-widget-wrap elementor-element-populated\">\n\t\t\t\t\t\t<div class=\"elementor-element elementor-element-e4414d1 elementor-widget elementor-widget-heading\" data-id=\"e4414d1\" data-element_type=\"widget\" data-widget_type=\"heading.default\">\n\t\t\t\t<div class=\"elementor-widget-container\">\n\t\t\t\t\t<h2 class=\"elementor-heading-title elementor-size-default\">comment s'inscrire ?<\/h2>\t\t\t\t<\/div>\n\t\t\t\t<\/div>\n\t\t\t\t<div class=\"elementor-element elementor-element-f6f0c84 elementor-widget elementor-widget-text-editor\" data-id=\"f6f0c84\" data-element_type=\"widget\" id=\"list-inscriptions\" data-widget_type=\"text-editor.default\">\n\t\t\t\t<div class=\"elementor-widget-container\">\n\t\t\t\t\t\t\t\t\t<p><style>\n#list-inscriptions ol {list-style: none; counter-reset: li}<br \/>#list-inscriptions li::before {content: counter(li)'.'; color: #fcdf09; font-weight:bold; display: inline-block; width: 1em; margin-left: -1em}<br \/>#list-inscriptions li {counter-increment: li; margin-bottom: 20px;}<br \/><\/style><strong>Etape 1 :<\/strong><b>\u00a0L&rsquo;inscription VGA<br \/><\/b>Faites votre inscription VGA via le lien ci-dessous (nous vous encourageons \u00e0 opter pour le r\u00e8glement en Carte Bleue pour \u00e9viter de vous d\u00e9placer aux diff\u00e9rentes permanences). Vous recevrez par courriel la validation de votre inscription.<\/p><p>Pour tous ceux qui souhaitent r\u00e9gler par d&rsquo;autres moyens de paiement (ch\u00e8ques, esp\u00e8ces, ch\u00e8ques vacances, etc) nous organisons des permanences tous les <strong>mercredis de 16h \u00e0 20h<\/strong> et <strong>samedis de 10h \u00e0 12h<\/strong> \u00e0 la salle Henry Pat\u00e9 du 3 au 27 septembre.<\/p><p><b><i>Pensez aux aides \u00e0 la pratique sportive<\/i><\/b> :<br \/>&#8211; Pour les <strong>Saint-Mauriens,<\/strong> Coupon d&rsquo;aide de <strong>60 \u20ac<\/strong> \u00e0 la pratique sportive de la ville de Saint-Maur,<br \/>&#8211; Pour les<strong> 14-17 ans<\/strong>, Pass&rsquo;sport de <strong>70 \u20ac<\/strong> par le Minist\u00e8re des Sports,<br \/>&#8211; Pour les <strong>15-25 ans<\/strong>, coupon <strong>Labaz<\/strong> jusqu&rsquo;\u00e0 <strong>100\u20ac<\/strong> par la R\u00e9gion Ile de France.<br \/><span style=\"text-decoration: underline;\">Vous devrez d\u00e9poser le r\u00e8glement complet lors du d\u00e9p\u00f4t de l&rsquo;inscription<\/span> et vous proc\u00e9derez ensuite \u00e0 l&rsquo;\u00e9change ou au remboursement aupr\u00e8s de la section jusqu&rsquo;au 15 octobre 2025.<br \/>Pour les bons CAF (forfait loisir jeune), vous recevrez directement l&rsquo;argent par l&rsquo;organisme<\/p><p><b><i>Pas de certificat m\u00e9dical pour les mineurs<\/i><\/b>. Pour les majeurs, le certificat m\u00e9dical pour le basket est valable <strong>3 saisons.<\/strong><\/p><p><strong>Etape 2 :<\/strong>\u00a0<b>La demande de licence<\/b> <br \/>Une fois votre inscription VGA compl\u00e8te et valid\u00e9e <span style=\"text-decoration: underline;\"><strong>en comp\u00e9tition<\/strong><\/span>, vous recevrez un lien de la F\u00e9d\u00e9ration Fran\u00e7aise de Basketball pour proc\u00e9der \u00e0 la demande de licence et d\u00e9poser vos pi\u00e8ces justificatives (surveillez bien vos mails et vos SPAM !!!)<\/p>\t\t\t\t\t\t\t\t<\/div>\n\t\t\t\t<\/div>\n\t\t\t\t<div class=\"elementor-element elementor-element-c7f9a21 elementor-widget elementor-widget-button\" data-id=\"c7f9a21\" data-element_type=\"widget\" data-widget_type=\"button.default\">\n\t\t\t\t<div class=\"elementor-widget-container\">\n\t\t\t\t\t\t\t\t\t<div class=\"elementor-button-wrapper\">\n\t\t\t\t\t<a class=\"elementor-button elementor-button-link elementor-size-sm\" href=\"http:\/\/vga-inscriptions.org\/vga_saintmaur\/?ASSOS=BAS\" target=\"_blank\">\n\t\t\t\t\t\t<span class=\"elementor-button-content-wrapper\">\n\t\t\t\t\t\t\t\t\t<span class=\"elementor-button-text\">S'inscrire en ligne<\/span>\n\t\t\t\t\t<\/span>\n\t\t\t\t\t<\/a>\n\t\t\t\t<\/div>\n\t\t\t\t\t\t\t\t<\/div>\n\t\t\t\t<\/div>\n\t\t\t\t\t<\/div>\n\t\t<\/div>\n\t\t\t\t\t<\/div>\n\t\t<\/section>\n\t\t\t\t\t<\/div>\n\t\t<\/div>\n\t\t\t\t\t<\/div>\n\t\t<\/section>\n\t\t\t\t<section class=\"has_eae_slider elementor-section elementor-top-section elementor-element elementor-element-645b8cf elementor-section-boxed elementor-section-height-default elementor-section-height-default\" data-id=\"645b8cf\" data-element_type=\"section\">\n\t\t\t\t\t\t<div class=\"elementor-container elementor-column-gap-default\">\n\t\t\t\t\t<div class=\"has_eae_slider elementor-column elementor-col-100 elementor-top-column elementor-element elementor-element-8cd0e7f\" data-id=\"8cd0e7f\" data-element_type=\"column\">\n\t\t\t<div class=\"elementor-widget-wrap elementor-element-populated\">\n\t\t\t\t\t\t<div class=\"elementor-element elementor-element-2b863dc elementor-widget elementor-widget-spacer\" data-id=\"2b863dc\" data-element_type=\"widget\" data-widget_type=\"spacer.default\">\n\t\t\t\t<div class=\"elementor-widget-container\">\n\t\t\t\t\t\t\t<div class=\"elementor-spacer\">\n\t\t\t<div class=\"elementor-spacer-inner\"><\/div>\n\t\t<\/div>\n\t\t\t\t\t\t<\/div>\n\t\t\t\t<\/div>\n\t\t\t\t\t<\/div>\n\t\t<\/div>\n\t\t\t\t\t<\/div>\n\t\t<\/section>\n\t\t\t\t<\/div>\n\t\t","protected":false},"excerpt":{"rendered":"<p>LES INSCRIPTIONS INSCRIPTIONS 2025 \/ 2026&nbsp; Les cat\u00e9gories masculines en comp\u00e9tition U11 , U13, U15 et U18 ne sont plus ouvertes aux inscriptions.Les inscriptions en loisirs restent ouvertes dans ces cat\u00e9gories (listes d&rsquo;attente en U13 et U15) Planning des entra\u00eenements 2025\/2026 (version du 3 septembre) HORAIRES&nbsp; DES&nbsp; PERMANENCES&nbsp;Uniquement pour celles et ceux qui ne r\u00e8gleront&#8230;<\/p>\n","protected":false},"author":3,"featured_media":0,"parent":0,"menu_order":0,"comment_status":"closed","ping_status":"closed","template":"","meta":{"inline_featured_image":false,"_kad_post_transparent":"","_kad_post_title":"hide","_kad_post_layout":"fullwidth","_kad_post_sidebar_id":"","_kad_post_content_style":"unboxed","_kad_post_vertical_padding":"hide","_kad_post_feature":"hide","_kad_post_feature_position":"","_kad_post_header":false,"_kad_post_footer":false,"footnotes":""},"class_list":["post-82","page","type-page","status-publish","hentry"],"_links":{"self":[{"href":"https:\/\/vga-basket.com\/index.php?rest_route=\/wp\/v2\/pages\/82","targetHints":{"allow":["GET"]}}],"collection":[{"href":"https:\/\/vga-basket.com\/index.php?rest_route=\/wp\/v2\/pages"}],"about":[{"href":"https:\/\/vga-basket.com\/index.php?rest_route=\/wp\/v2\/types\/page"}],"author":[{"embeddable":true,"href":"https:\/\/vga-basket.com\/index.php?rest_route=\/wp\/v2\/users\/3"}],"replies":[{"embeddable":true,"href":"https:\/\/vga-basket.com\/index.php?rest_route=%2Fwp%2Fv2%2Fcomments&post=82"}],"version-history":[{"count":394,"href":"https:\/\/vga-basket.com\/index.php?rest_route=\/wp\/v2\/pages\/82\/revisions"}],"predecessor-version":[{"id":13561,"href":"https:\/\/vga-basket.com\/index.php?rest_route=\/wp\/v2\/pages\/82\/revisions\/13561"}],"wp:attachment":[{"href":"https:\/\/vga-basket.com\/index.php?rest_route=%2Fwp%2Fv2%2Fmedia&parent=82"}],"curies":[{"name":"wp","href":"https:\/\/api.w.org\/{rel}","templated":true}]}}