{"id":1257,"date":"2022-04-20T20:45:47","date_gmt":"2022-04-20T20:45:47","guid":{"rendered":"https:\/\/vga-basket.com\/\/?page_id=1257"},"modified":"2022-09-15T13:27:36","modified_gmt":"2022-09-15T13:27:36","slug":"article-1","status":"publish","type":"page","link":"https:\/\/vga-basket.com\/?page_id=1257","title":{"rendered":"Article 1"},"content":{"rendered":"\t\t<div data-elementor-type=\"wp-page\" data-elementor-id=\"1257\" class=\"elementor elementor-1257\">\n\t\t\t\t\t\t<section class=\"has_eae_slider elementor-section elementor-top-section elementor-element elementor-element-a29cab7 elementor-section-full_width elementor-section-height-min-height elementor-section-height-default elementor-section-items-middle\" data-id=\"a29cab7\" data-element_type=\"section\" data-settings=\"{&quot;background_background&quot;:&quot;classic&quot;}\">\n\t\t\t\t\t\t\t<div class=\"elementor-background-overlay\"><\/div>\n\t\t\t\t\t\t\t<div class=\"elementor-container elementor-column-gap-default\">\n\t\t\t\t\t<div class=\"has_eae_slider elementor-column elementor-col-100 elementor-top-column elementor-element elementor-element-160436d\" data-id=\"160436d\" data-element_type=\"column\">\n\t\t\t<div class=\"elementor-widget-wrap elementor-element-populated\">\n\t\t\t\t\t\t<div class=\"elementor-element elementor-element-8473786 elementor-widget elementor-widget-heading\" data-id=\"8473786\" data-element_type=\"widget\" data-widget_type=\"heading.default\">\n\t\t\t\t<div class=\"elementor-widget-container\">\n\t\t\t\t\t<h1 class=\"elementor-heading-title elementor-size-default\">WEEK-END <font color=\"#f6b932\">TQR<\/font><\/h1>\t\t\t\t<\/div>\n\t\t\t\t<\/div>\n\t\t\t\t\t<\/div>\n\t\t<\/div>\n\t\t\t\t\t<\/div>\n\t\t<\/section>\n\t\t\t\t<section class=\"has_eae_slider elementor-section elementor-top-section elementor-element elementor-element-785945a elementor-section-boxed elementor-section-height-default elementor-section-height-default\" data-id=\"785945a\" data-element_type=\"section\">\n\t\t\t\t\t\t<div class=\"elementor-container elementor-column-gap-default\">\n\t\t\t\t\t<div class=\"has_eae_slider elementor-column elementor-col-100 elementor-top-column elementor-element elementor-element-6b316ac\" data-id=\"6b316ac\" data-element_type=\"column\">\n\t\t\t<div class=\"elementor-widget-wrap elementor-element-populated\">\n\t\t\t\t\t\t<div class=\"elementor-element elementor-element-f4437bc elementor-widget elementor-widget-text-editor\" data-id=\"f4437bc\" data-element_type=\"widget\" data-widget_type=\"text-editor.default\">\n\t\t\t\t<div class=\"elementor-widget-container\">\n\t\t\t\t\t\t\t\t\t<h1><strong><span style=\"white-space: pre-wrap;\">Le TQR est de retour !<\/span><\/strong><\/h1>\t\t\t\t\t\t\t\t<\/div>\n\t\t\t\t<\/div>\n\t\t\t\t<div class=\"elementor-element elementor-element-3ba3eba elementor-widget elementor-widget-text-editor\" data-id=\"3ba3eba\" data-element_type=\"widget\" data-widget_type=\"text-editor.default\">\n\t\t\t\t<div class=\"elementor-widget-container\">\n\t\t\t\t\t\t\t\t\t<p>Le TQR par-ci, TQR par-l\u00e0&#8230; Mais \u00e7a correspond \u00e0 quoi ?\u00a0 Enjeux, d\u00e9roulement, planning &#8230; On vous explique tout !<\/p>\t\t\t\t\t\t\t\t<\/div>\n\t\t\t\t<\/div>\n\t\t\t\t<div class=\"elementor-element elementor-element-5ba422e elementor-widget elementor-widget-image\" data-id=\"5ba422e\" data-element_type=\"widget\" data-widget_type=\"image.default\">\n\t\t\t\t<div class=\"elementor-widget-container\">\n\t\t\t\t\t\t\t\t\t\t\t\t\t\t\t<img fetchpriority=\"high\" decoding=\"async\" width=\"768\" height=\"287\" src=\"https:\/\/vga-basket.com\/wp-content\/uploads\/2022\/07\/BANNIERE-HP-768x287.png\" class=\"attachment-medium_large size-medium_large wp-image-2638\" alt=\"\" srcset=\"https:\/\/vga-basket.com\/wp-content\/uploads\/2022\/07\/BANNIERE-HP-768x287.png 768w, https:\/\/vga-basket.com\/wp-content\/uploads\/2022\/07\/BANNIERE-HP-300x112.png 300w, https:\/\/vga-basket.com\/wp-content\/uploads\/2022\/07\/BANNIERE-HP-1024x383.png 1024w, https:\/\/vga-basket.com\/wp-content\/uploads\/2022\/07\/BANNIERE-HP.png 1440w\" sizes=\"(max-width: 768px) 100vw, 768px\" \/>\t\t\t\t\t\t\t\t\t\t\t\t\t\t\t<\/div>\n\t\t\t\t<\/div>\n\t\t\t\t\t<\/div>\n\t\t<\/div>\n\t\t\t\t\t<\/div>\n\t\t<\/section>\n\t\t\t\t<section class=\"has_eae_slider elementor-section elementor-top-section elementor-element elementor-element-f7ff960 elementor-section-boxed elementor-section-height-default elementor-section-height-default\" data-id=\"f7ff960\" data-element_type=\"section\">\n\t\t\t\t\t\t<div class=\"elementor-container elementor-column-gap-default\">\n\t\t\t\t\t<div class=\"has_eae_slider elementor-column elementor-col-100 elementor-top-column elementor-element elementor-element-de43d48\" data-id=\"de43d48\" data-element_type=\"column\">\n\t\t\t<div class=\"elementor-widget-wrap elementor-element-populated\">\n\t\t\t\t\t\t<div class=\"elementor-element elementor-element-f98a61f elementor-widget elementor-widget-text-editor\" data-id=\"f98a61f\" data-element_type=\"widget\" data-widget_type=\"text-editor.default\">\n\t\t\t\t<div class=\"elementor-widget-container\">\n\t\t\t\t\t\t\t\t\t<p>Les 2 prochains week-end 6 de nos \u00e9quipes vont tenter de d\u00e9crocher <strong>une place en R\u00e9gion<\/strong> pour la saison 2022\/2023.<\/p>\n<p>Ce week-end (17 et 18 septembre) se d\u00e9rouleront les phases de poule pour les clubs du Val-de-Marne. Chaque \u00e9quipe disputera 2 ou 3 matchs. A l\u2019issue de ces matchs, les 2 meilleures \u00e9quipes de chaque poule se qualifieront pour jouer la demi-finale le samedi 24 septembre puis la grande finale le 25&nbsp;!<\/p>\n<p>On pense fort \u00e0 nos \u00e9quipes&nbsp;:<\/p>\n<ul>\n<li>U13M (coach Cyril)<\/li>\n<li>U15F (coach Patrick)<\/li>\n<li>U15M(2) (coach Arnaud)<\/li>\n<li>U17M (coach Maachou)<\/li>\n<li>U18F (coachs Ana\u00efs &amp; Pierre)<\/li>\n<li>U20M(2) (Coach Moussa)<\/li>\n<\/ul>\n<p>N\u2019h\u00e9sitez pas \u00e0 aller les encourager. Elles\/ils ont besoin de vous&nbsp;!<\/p>\n<p><strong>LET\u2019S GO VGA <img decoding=\"async\" class=\"emoji\" role=\"img\" draggable=\"false\" src=\"https:\/\/s.w.org\/images\/core\/emoji\/13.1.0\/svg\/1f49b.svg\" alt=\"\ud83d\udc9b\"><img decoding=\"async\" class=\"emoji\" role=\"img\" draggable=\"false\" src=\"https:\/\/s.w.org\/images\/core\/emoji\/13.1.0\/svg\/1f499.svg\" alt=\"\ud83d\udc99\"><\/strong><\/p>\t\t\t\t\t\t\t\t<\/div>\n\t\t\t\t<\/div>\n\t\t\t\t\t<\/div>\n\t\t<\/div>\n\t\t\t\t\t<\/div>\n\t\t<\/section>\n\t\t\t\t<section class=\"has_eae_slider elementor-section elementor-top-section elementor-element elementor-element-1072a83 elementor-section-boxed elementor-section-height-default elementor-section-height-default\" data-id=\"1072a83\" data-element_type=\"section\">\n\t\t\t\t\t\t<div class=\"elementor-container elementor-column-gap-default\">\n\t\t\t\t\t<div class=\"has_eae_slider elementor-column elementor-col-100 elementor-top-column elementor-element elementor-element-2a5ebea\" data-id=\"2a5ebea\" data-element_type=\"column\">\n\t\t\t<div class=\"elementor-widget-wrap elementor-element-populated\">\n\t\t\t\t\t\t<div class=\"elementor-element elementor-element-a71ad93 elementor-widget elementor-widget-text-editor\" data-id=\"a71ad93\" data-element_type=\"widget\" data-widget_type=\"text-editor.default\">\n\t\t\t\t<div class=\"elementor-widget-container\">\n\t\t\t\t\t\t\t\t\t<p><strong><span style=\"white-space: pre-wrap;\">PLANNING MATCHS TQR<\/span><\/strong><\/p><p><span style=\"white-space: pre-wrap;\"><u>Samedi 17 Septembre :<\/u><\/span><\/p><ul><li>U13M : 15h et 17h \u00e0 Nogent-sur-Marne<\/li><li>U15M(2) : 13h et 16h<strong> \u00e0 St-Maur<\/strong><\/li><li>U17M : 15h, 17h et 19h \u00e0 Rungis\u00a0<\/li><li>U20M(2) : 15h et 19h \u00e0 Saint-Mand\u00e9<\/li><\/ul><p><span style=\"text-decoration: underline;\">Dimanche 18 Septembre :<\/span><\/p><ul><li>U15F : 12h et 14h \u00e0 Alfortville\u00a0<\/li><li>U18F : 11h et 15h \u00e0 l&rsquo;Hay-les-Rose<\/li><\/ul>\t\t\t\t\t\t\t\t<\/div>\n\t\t\t\t<\/div>\n\t\t\t\t\t<\/div>\n\t\t<\/div>\n\t\t\t\t\t<\/div>\n\t\t<\/section>\n\t\t\t\t<\/div>\n\t\t","protected":false},"excerpt":{"rendered":"<p>WEEK-END TQR Le TQR est de retour ! Le TQR par-ci, TQR par-l\u00e0&#8230; Mais \u00e7a correspond \u00e0 quoi ?\u00a0 Enjeux, d\u00e9roulement, planning &#8230; On vous explique tout ! Les 2 prochains week-end 6 de nos \u00e9quipes vont tenter de d\u00e9crocher une place en R\u00e9gion pour la saison 2022\/2023. Ce week-end (17 et 18 septembre) se&#8230;<\/p>\n","protected":false},"author":3,"featured_media":0,"parent":0,"menu_order":0,"comment_status":"closed","ping_status":"closed","template":"","meta":{"inline_featured_image":false,"_kad_post_transparent":"","_kad_post_title":"hide","_kad_post_layout":"fullwidth","_kad_post_sidebar_id":"","_kad_post_content_style":"unboxed","_kad_post_vertical_padding":"hide","_kad_post_feature":"hide","_kad_post_feature_position":"","_kad_post_header":false,"_kad_post_footer":false,"footnotes":""},"class_list":["post-1257","page","type-page","status-publish","hentry"],"_links":{"self":[{"href":"https:\/\/vga-basket.com\/index.php?rest_route=\/wp\/v2\/pages\/1257","targetHints":{"allow":["GET"]}}],"collection":[{"href":"https:\/\/vga-basket.com\/index.php?rest_route=\/wp\/v2\/pages"}],"about":[{"href":"https:\/\/vga-basket.com\/index.php?rest_route=\/wp\/v2\/types\/page"}],"author":[{"embeddable":true,"href":"https:\/\/vga-basket.com\/index.php?rest_route=\/wp\/v2\/users\/3"}],"replies":[{"embeddable":true,"href":"https:\/\/vga-basket.com\/index.php?rest_route=%2Fwp%2Fv2%2Fcomments&post=1257"}],"version-history":[{"count":46,"href":"https:\/\/vga-basket.com\/index.php?rest_route=\/wp\/v2\/pages\/1257\/revisions"}],"predecessor-version":[{"id":2888,"href":"https:\/\/vga-basket.com\/index.php?rest_route=\/wp\/v2\/pages\/1257\/revisions\/2888"}],"wp:attachment":[{"href":"https:\/\/vga-basket.com\/index.php?rest_route=%2Fwp%2Fv2%2Fmedia&parent=1257"}],"curies":[{"name":"wp","href":"https:\/\/api.w.org\/{rel}","templated":true}]}}